 + 4*d + 20. Let f = -2 - d. What is the tens digit of f?
1
Suppose -3 = -2*c - 5*x, -2*c - 27 = c - 3*x. Let g be (-6 - c) + 64/2. Suppose -7*y + g = 2*z - 2*y, z - y - 2 = 0. What is the units digit of z?
6
What is the tens digit of ((-516)/20)/((-3)/15)?
2
Suppose 0*h = 3*h - 6. Suppose -24 = -y - 3*d - 6, 32 = 2*y + h*d. Suppose i = -2*i + y. What is the units digit of i?
5
Let d(g) = g**3 - 9*g**2 - 22*g + 33. What is the units digit of d(13)?
3
Let h be -2*(1 - (-2 - -5)). Suppose 4*t = h*i + 12, 2*i - 3*t + 8 = -2*i. What is the units digit of 6*i - (4 - 2)?
4
Suppose 6*t - 7*t - 20 = -2*j, -4*t = -4*j + 68. Let d = t + 45. What is the units digit of d?
1
Let q = -6 - -1. Let t = 10 + q. What is the units digit of t?
5
Suppose 6 - 2 = 4*r. Let v be 160/12 - r/3. Suppose -4 = o - v. What is the units digit of o?
9
Let y = 8 + -4. Let g = y - 2. What is the units digit of g?
2
Suppose 5*k = 2*h - 122, k + 251 = 5*h - 77. What is the units digit of h?
6
Let s(t) = -t**3 + 9*t**2 + 2*t - 9. What is the tens digit of s(4)?
7
Let k(o) = -9*o**3 - 21*o**2 - 4*o - 7. Let l(c) = 5*c**3 + 11*c**2 + 2*c + 4. Let q(x) = -4*k(x) - 7*l(x). Let v be q(-6). What is the units digit of 4*2*9/v?
3
Suppose 73 = 3*k - 101. What is the tens digit of k?
5
Suppose 0 = r - 2*f - 178, -4*f + 721 = 4*r - 9*f. Suppose 0 = -4*u + 5*g + r, -3*g = -u + 25 + 28. What is the units digit of u?
1
What is the hundreds digit of 2 + -3 + 114 + 1?
1
Suppose 5*f + 2*m = -3*m + 55, 63 = 3*f - 3*m. What is the units digit of f?
6
Let m(c) = -5*c. Let q be m(1). Let v(j) = -j**3 - 4*j**2 - j - 7. What is the units digit of v(q)?
3
Suppose -5*q = 2 - 42. Suppose 5*j + 64 = 4*t, -2*j - 11 + 3 = 0. Let r = t - q. What is the units digit of r?
3
Let k(t) = 5*t - 1. Let s be k(3). Let o be -2*(13/(-2))/1. Suppose 2*q = -2*v + s, -v = -3*v - 3*q + o. What is the units digit of v?
8
Suppose -4*b - 62 = -14. What is the tens digit of ((-2)/3)/(b/306)?
1
Suppose -5*f = -2*j - j + 14, -5*j - 4*f = 26. Let c = j - -7. Suppose -1 + 6 = c*q. What is the units digit of q?
1
Let d(r) = 44*r**2 - 3*r + 2. What is the tens digit of d(-3)?
0
Let c(q) = q**2 + q + 12. What is the units digit of c(-6)?
2
Let c be (-2)/(-3) - 172/(-12). Suppose c = 4*h - h. What is the units digit of h?
5
Let u = 21 - 31. Let d(y) = -3*y - 11. What is the tens digit of d(u)?
1
Let t = -2 + -2. Let d = -2 - t. Suppose -d*a + a = -8. What is the units digit of a?
8
Suppose -x + 5*v = -35 + 12, 2*x - 2 = -v. Let t be 10 + (1 - -2) + -3. What is the units digit of t - ((-6)/(-1) - x)?
7
Suppose -6*t - 2*v = -2*t - 8, -2*t - 5*v - 4 = 0. Suppose -3 = -t*g + 6. What is the units digit of g?
3
Let v(t) = 4*t + 2. Let d = -3 - -5. Suppose -d*f = o - 10, -2*o + 5*f = 3*o + 10. What is the tens digit of v(o)?
1
Let j = -4 + 7. Suppose 4*t + j*k = -49 + 167, -2*k + 116 = 4*t. What is the units digit of (-2)/(-3) + t/12?
3
Let p(c) = -c**3 - 11*c**2 + 5*c + 10. Let f(m) = -m**3 - 10*m**2 + 4*m + 9. Let u(j) = 7*f(j) - 6*p(j). What is the tens digit of u(-4)?
1
Let z = -25 + 32. What is the units digit of z?
7
Suppose -7*k = -2*k - 50. Suppose -2*x - 14 = -3*u + 4, 2*u - 2*x - k = 0. What is the units digit of u?
8
Suppose 2*w + r - 608 = -w, -5*w + 2*r = -1028. Suppose 4*n = 2*z - 76, 0 = -4*z + n - 31 + w. What is the tens digit of z?
4
Suppose -4 = -n - 1, -4*n + 18 = 3*o. Suppose 2*g + 0*g = o. What is the units digit of g?
1
Let v = 52 - 0. What is the units digit of v?
2
Suppose -2*q + 15 = -3*a, -q - a + 30 = 2*a. What is the tens digit of q?
1
Let l be 2/(-3)*45/(-6). Suppose -y + l = 1. Let a(k) = 4*k + 5. What is the tens digit of a(y)?
2
Let v = 5 + -3. Suppose v*p - 16 - 20 = 0. What is the tens digit of p?
1
Let k(s) = -8*s + 2. Let z be k(2). What is the units digit of (-18)/(-4) + 7/z?
4
Let z(i) = -i**3 + 4*i**2 + 10*i + 8. Let v be z(6). Let l(r) be the first derivative of -r**2/2 + r - 1. What is the units digit of l(v)?
5
Let d = 15 + -10. What is the units digit of d?
5
Let k = 14 - 14. Let i = k + 4. What is the units digit of i?
4
Let u = -22 - 8. What is the units digit of -3 - u/(6 + -3)?
7
Suppose 0 = -p - 0*p + 4. Suppose -p*n + 140 = n. Let l = 40 - n. What is the units digit of l?
2
Suppose 0 = -4*z - 0*z + 76. What is the tens digit of z?
1
Suppose 2*v - 558 = -4*o, -85 = -4*o + v + 470. What is the units digit of o?
9
Let h(r) = r**3 - 16*r**2 + 17*r - 22. Let u be h(15). Suppose 2*j - z - 169 = -0*j, j = -4*z + 89. Suppose u*x - 3*x = j. What is the units digit of x?
7
Let u = -7 - -10. Suppose -j + u*w = j - 45, -5*j = -4*w - 123. What is the units digit of j?
7
Suppose 2*l = -3*t + 641, -4*t + 2*t = -l + 303. What is the tens digit of l?
1
Suppose 3*j = -2*i + 2, 3*i + 4 - 26 = 5*j. Suppose -3*b - 4*n + 96 = 2*b, -56 = -i*b + 2*n. What is the tens digit of b?
1
Let f be -2*(2 + -1)*6. What is the tens digit of 2 - (4/2 + f)?
1
Suppose -1 = -2*s + 1. Let r be 15 - (s - 2/1). Let v = r + 1. What is the units digit of v?
7
Let n = -3 + 3. Suppose 6*y - 5*y - 67 = n. Suppose -12 - 1 = -g + u, -y = -5*g + 3*u. What is the tens digit of g?
1
Suppose -4*m = -94 - 238. Suppose 4*v + 5*b - m = 0, -2*v + b + 40 = 5*b. Let w = -13 + v. What is the units digit of w?
9
Let p(j) = -4*j - 13. Let b be p(-6). Let o = b + 1. What is the tens digit of o?
1
Let k = -89 + 199. What is the hundreds digit of k?
1
Let s(j) = j**2 + 5*j**2 - 4*j - 3*j**3 + 4*j**3 + 3*j. Suppose -2*c = 11 + 1. What is the units digit of s(c)?
6
Let l(p) be the first derivative of 11*p**3/3 - p**2/2 + 1. What is the units digit of l(-1)?
2
Suppose 16 = 5*r - r. What is the units digit of r?
4
What is the tens digit of (-20)/3*(-15)/10?
1
Suppose p + 4*n - 7*n - 284 = 0, -2*p - 3*n = -586. What is the hundreds digit of p?
2
Let r = 163 + -85. What is the units digit of r?
8
Let z = -8 + 7. Let h(j) = -17*j + 2. What is the units digit of h(z)?
9
Let t be 1/2*1*6. Suppose 3*o + 119 = 5*x + 9, -5*o = -t*x + 50. What is the units digit of x?
5
Let n(k) = 9*k + 4 - 4 - 3. Let r(a) = -a**2 - 5*a + 8. Let o be r(-6). What is the tens digit of n(o)?
1
Suppose -3*d + 51 = -6. What is the tens digit of d?
1
Let r = -46 + 22. Let g = r - -39. Suppose -2*v + g = 5*i, -5*i + 5*v - 1 = -16. What is the units digit of i?
3
Suppose 9 = -x + 4*x. Let j be x/3*3 + -2. Suppose -w - j = -12. What is the tens digit of w?
1
Suppose -3*u + 4*u - 17 = 0. What is the units digit of u?
7
Let j = 390 - 126. What is the hundreds digit of j?
2
Suppose -5*i - 571 = -3*l, 8 = 3*i - i. What is the tens digit of l?
9
Suppose -23 = -c + 4*h, 5*c - 9 - 70 = 2*h. What is the units digit of c/1*(-2)/(-5)?
6
Suppose -2*t + 0*t = 10. Let s(f) = -26*f + 16. Let w(k) = -5*k + 3. Let u(l) = -3*s(l) + 16*w(l). What is the tens digit of u(t)?
1
Let w(p) = -2*p + 1. Let i be w(1). Let l be 32/2 + (-1 - 0). What is the units digit of (i/(-1))/(3/l)?
5
Let l(t) = -t - 4. Let a be l(-8). What is the tens digit of (a + 19 - 0)*1?
2
Let a = -7 + 13. Suppose 3*d = 17 + 1. Suppose d*w = -5*p + 3*w + 26, p = 5*w - a. What is the units digit of p?
4
Let v = 35 + -56. Let c = 47 + v. What is the units digit of c?
6
Let h(w) = 2*w**3 - 2*w**2 - w - 2. Let x be h(2). Suppose -x*n - 2 - 6 = 0. Let j = 5 + n. What is the units digit of j?
3
Suppose 23 = 2*r - 9. Suppose 2*m + r = 4*m. What is the units digit of m?
8
Let b be (-10)/6*-3 - -1. What is the units digit of 21/b*4/7?
2
Let l be (-1)/(((-5)/3)/5). Suppose -3*r + 36 = 3*b, -l*r - 5*b + 19 = -9. Suppose -2*p + r = -0. What is the units digit of p?
8
Suppose s + 2*c - 183 = 0, -c = -6*c + 25. What is the hundreds digit of s?
1
Let y = -6 - -3. Let s be 6/y + 1 - -3. What is the units digit of -2*s*-2*1?
8
Let b = 39 + -21. Suppose 2*q - 4*l = -2*q, -b = -4*q - 2*l. Suppose -2*j + 14 = 5*r - 8, -4*r - q*j + 19 = 0. What is the units digit of r?
4
Suppose -3*u = g - 10, -6*u + u + 4*g + 45 = 0. Let f = 16 + -10. Let n = f - u. What is the units digit of n?
1
Let d(m) = 46*m**2 + 10*m - 2. What is the hundreds digit of d(-2)?
1
Suppose -4*x - 2 = -2*u - 0, -3*x = -4*u + 14. Suppose -x*t = -2*i - t - 1, 3*i - 15 = -4*t. What is the units digit of i?
1
Let o(c) be the second derivative of -c**3/2 - 11*c**2/2 + 4*c. What is the tens digit o